{"id":74,"date":"2012-05-16T20:26:38","date_gmt":"2012-05-17T00:26:38","guid":{"rendered":"http:\/\/www.allnblue.com\/quebec\/?page_id=74"},"modified":"2012-05-16T21:11:02","modified_gmt":"2012-05-17T01:11:02","slug":"creation-graphique-design","status":"publish","type":"page","link":"https:\/\/www.allnblue.com\/quebec\/creation-graphique-design\/","title":{"rendered":"Cr\u00e9ation graphique"},"content":{"rendered":"<p><\/p>\n<div id=\"content\">\n<h3>Cr\u00e9ation de contenu<\/h3>\n<p>Avec la cr\u00e9ation d&rsquo;un nouveau site ou lors de son implantation, vous devez d\u00e9cider qui \u00e9crira son contenu. Avez vous une \u00e9quipe \u00e0 l&rsquo;interne ou allez vous engager une firme ext\u00e9rieure? Ajouter des mots cl\u00e9s \u00e0 votre contenu est une partie importante de l&rsquo;optimisation des pages que vous voulez soumettre aux engins de recherche. Alors, o\u00f9 allez-vous les ajouter et comment cela affectera-t&rsquo;il votre design?<\/p>\n<p>Il a \u00e9t\u00e9 prouv\u00e9, par exemple, que les pages avec les mots cl\u00e9s dans le titre de la page sortiront plus \u00e9lev\u00e9es que celles sans ces m\u00eames mots cl\u00e9s aux bons endroits. Vous devez aussi vous assurer de r\u00e9p\u00e9ter ces mots cl\u00e9s dans le contenu de vos pages. Nous croyons aussi que cr\u00e9er des liens internes vers des pages de votre site avec les mots cl\u00e9s cibl\u00e9s aidera votre placement sur les engins.<\/p>\n<p>Vous devez faire attention aux images que vous ins\u00e9rez dans le contenu d&rsquo;une page. Alors que les images peuvent embellir le contenu, vous devez prendre compte que certaines personnes d\u00e9sactivent les images dans leurs navigateurs web pour que les pages chargent plus rapidement, alors que d&rsquo;autres personnes peuvent utiliser des narrateurs, de la reconnaissance vocale ou autres parce qu&rsquo;ils ont des probl\u00e8mes de vision. Cela peut jouer un grand r\u00f4le car si vous avez des erreurs dans le code, vous risquez de ruiner la chance de votre visiteur de naviguer sur vos pages parce que les lecteur d&rsquo;\u00e9crans ne peuvent bien interpr\u00e9ter les messages que vous essayez de passer.<\/p>\n<p>Nos r\u00e9dacteurs \u00e9prouv\u00e9s ainsi que nos publicitaires vous aideront \u00e0 cr\u00e9er le contenu qu&rsquo;il vous faut de mani\u00e8re optimis\u00e9e pour votre audience cible.<\/p>\n<h3>Design de sites web<\/h3>\n<p>Avant de d\u00e9marrer la construction de votre site web, vous devez d\u00e9cider ce que vous d\u00e9sirez accomplir avec celui-ci.\u00a0 Vous devez \u00e9tablir ce que sera votre strat\u00e9gie de marketing internet. En g\u00e9n\u00e9ral, il y a deux types d&rsquo;utilisateurs sur le web, ceux int\u00e9ress\u00e9s d&rsquo;en apprendre plus sur un sujet et les consommateurs qui ont termin\u00e9 leurs recherches et qui sont pr\u00eats \u00e0 acheter. Votre site doit \u00eatre optimis\u00e9 pour attirer un ou l&rsquo;autre de ces types d&rsquo;utilisateurs.\u00a0 Vous devrez donc d\u00e9terminer si vous allez vendre quelque chose ou donner de l&rsquo;information.<\/p>\n<p>Nos designers d&rsquo;ici et de partout autour du globe pourront vous fournir le design que vous d\u00e9sirez et ce, \u00e0 un prix abordable. L&rsquo;\u00e9quipe allnBlue avec son approche int\u00e9gr\u00e9e, mettra \u00e0 l&rsquo;oeuvre ses trois champs d&rsquo;expertise; c&rsquo;est-\u00e0-dire la strat\u00e9gie et le marketing, le design graphique et l&rsquo;accessibilit\u00e9 ainsi que les technologies et la programmation.<\/p>\n<h3>Illustration &amp; animation 2d\/3d<\/h3>\n<p>L&rsquo;Illustration permet de communiquer des \u00e9motions, des attitudes ainsi qu&rsquo;une atmosph\u00e8re en utilisant que des pixels. Nos illustrateurs professionnels travaillent de pair avec nos clients de la conception \u00e0 la fin pour s&rsquo;assurer enti\u00e8re satisfaction ce qui nous permet de d\u00e9livrer le meilleur produit de mani\u00e8re efficiente.<\/p>\n<p>Nos illustrations couvrent une s\u00e9rie de styles et peut \u00eatre appliqu\u00e9es \u00e0 presque n&rsquo;importe quel sujet ou domaine. Avec l&rsquo;exp\u00e9rience partant de projets corporatifs \u00e0 des projets plus \u00ab\u00a0cartoons\u00a0\u00bb, allnBlue sait que le client a toujours raison et le guide vers ce qu&rsquo;il d\u00e9sire vraiment.<\/p>\n<p>En offrant un processus bien r\u00f4d\u00e9 pour la cr\u00e9ation, les r\u00e9visions et les approbations, nous sommes capable de donner aux clients plusieurs versions de l&rsquo;illustration avant que celle-ci soit approuv\u00e9e. Et oui, nous sommes bien exp\u00e9riment\u00e9s dans tous les formats de fichiers \u00e0 partir de Photoshop jusqu&rsquo;\u00e0 3D Studio Max.<\/p>\n<h3>Image d&rsquo;entreprise<\/h3>\n<p>Chez allnBlue, nous offrons plusieurs services de cr\u00e9ation d&rsquo;image d&rsquo;entreprise qui, m\u00eal\u00e9s avec notre expertise de marketing internet, vous aideront de plusieurs mani\u00e8res. Tous nos projets sont bas\u00e9s sur les besoins r\u00e9els du client et sur la perception g\u00e9n\u00e9rale de votre image en tant qu&rsquo;expert.<\/p>\n<p>Les utilit\u00e9s du marketing internet vont plus loin que de ne seulement g\u00e9n\u00e9rer du traffic sur votre site web, c&rsquo;est aussi une partie importante pour cr\u00e9er votre marque. Votre principal but lors de la cr\u00e9ation de votre image d&rsquo;entreprise est que tout le monde ait votre nom dans leur t\u00eate lorsque venu le temps d&rsquo;acheter un produit que vous vendez.<\/p>\n<p>La cr\u00e9ation d&rsquo;une image d&rsquo;entreprise est consid\u00e9r\u00e9e comme un des plus importants objectif de marketing internet, m\u00eame si difficile, car c&rsquo;est souvent ce qui fera d\u00e9cider un consommateur non certain d&rsquo;acheter. Chaque objet, document ou publicit\u00e9e que vous montrez devra aider le consommateur \u00e0 associer votre nom \u00e0 la qualit\u00e9. Si vous d\u00e9montrez une image d&rsquo;entreprise claire et convainquante, il y a de fortes chances qu&rsquo;on se rapellera de vous pour faire affaire avec vous dans le futur.<\/p>\n<p>Vous pourrez choisir parmis nos services tel que des revues de presse, des ajouts de m\u00e9dias sur vos sites et ailleurs, du \u00ab\u00a0Link Bait\u00a0\u00bb, des entrevues web, de la cr\u00e9ation de contenu int\u00e9ressante, de la presse positive et de l&rsquo;effacement de presse n\u00e9gative.<\/p>\n<h3>Photographie corporative<\/h3>\n<p>Chez allnBlue, nous croyons que la cl\u00e9 pour un projet de photographie est de d\u00e9terminer les besoins du client et d&rsquo;ensuite proc\u00e9der pour rencontrer ses besoins et d\u00e9passer ses attentes. Notre objectif est toujours de s&rsquo;assurer que le client croit qu&rsquo;il a eu plus que ce qu&rsquo;il a pay\u00e9. Nous voulons que le client reconnaissance la valeur d&rsquo;engager un photographe professionnel allnBlue pour le mener l\u00e0 o\u00f9 il doit \u00eatre.<\/p>\n<p>Nous comprenons aussi qu&rsquo;un client n&rsquo;a pas le temps de d\u00e9terminer le meilleur moyen de cr\u00e9er les photographies qu&rsquo;il a besoin et c&rsquo;est l\u00e0 que nous entrons en jeu.<\/p>\n<p>En choisissant allnBlue pour vos projets de photographie, vous vous assurez une pr\u00e9sence professionnelle et un r\u00e9sultant d\u00e9passant les attentes.<\/p>\n<\/div>\n<p><\/p>","protected":false},"excerpt":{"rendered":"<p>Cr\u00e9ation de contenu Avec la cr\u00e9ation d&rsquo;un nouveau site ou lors de son implantation, vous devez d\u00e9cider qui \u00e9crira son contenu. Avez vous une \u00e9quipe \u00e0 l&rsquo;interne ou allez vous engager une firme ext\u00e9rieure? Ajouter des mots cl\u00e9s \u00e0 votre contenu est une partie importante de l&rsquo;optimisation des pages que vous voulez soumettre aux engins [&hellip;]<\/p>\n","protected":false},"author":1,"featured_media":0,"parent":0,"menu_order":0,"comment_status":"open","ping_status":"open","template":"","meta":{"footnotes":""},"class_list":["post-74","page","type-page","status-publish","hentry"],"aioseo_notices":[],"_links":{"self":[{"href":"https:\/\/www.allnblue.com\/quebec\/wp-json\/wp\/v2\/pages\/74","targetHints":{"allow":["GET"]}}],"collection":[{"href":"https:\/\/www.allnblue.com\/quebec\/wp-json\/wp\/v2\/pages"}],"about":[{"href":"https:\/\/www.allnblue.com\/quebec\/wp-json\/wp\/v2\/types\/page"}],"author":[{"embeddable":true,"href":"https:\/\/www.allnblue.com\/quebec\/wp-json\/wp\/v2\/users\/1"}],"replies":[{"embeddable":true,"href":"https:\/\/www.allnblue.com\/quebec\/wp-json\/wp\/v2\/comments?post=74"}],"version-history":[{"count":3,"href":"https:\/\/www.allnblue.com\/quebec\/wp-json\/wp\/v2\/pages\/74\/revisions"}],"predecessor-version":[{"id":94,"href":"https:\/\/www.allnblue.com\/quebec\/wp-json\/wp\/v2\/pages\/74\/revisions\/94"}],"wp:attachment":[{"href":"https:\/\/www.allnblue.com\/quebec\/wp-json\/wp\/v2\/media?parent=74"}],"curies":[{"name":"wp","href":"https:\/\/api.w.org\/{rel}","templated":true}]}}